{"id":1020,"date":"2019-10-30T12:12:12","date_gmt":"2019-10-30T12:12:12","guid":{"rendered":"https:\/\/amplifygrowth.se\/sunshine\/?page_id=1020"},"modified":"2022-09-03T15:06:00","modified_gmt":"2022-09-03T15:06:00","slug":"tjanster","status":"publish","type":"page","link":"https:\/\/amplifygrowth.se\/sunshine\/tjanster\/","title":{"rendered":"Tj\u00e4nster"},"content":{"rendered":"<p><div class=\"fusion-fullwidth fullwidth-box fusion-builder-row-1 fusion-flex-container nonhundred-percent-fullwidth non-hundred-percent-height-scrolling\" style=\"--awb-border-sizes-top:0px;--awb-border-sizes-bottom:0px;--awb-border-sizes-left:0px;--awb-border-sizes-right:0px;--awb-border-radius-top-left:0px;--awb-border-radius-top-right:0px;--awb-border-radius-bottom-right:0px;--awb-border-radius-bottom-left:0px;--awb-padding-right:12%;--awb-padding-bottom:4%;--awb-padding-left:12%;--awb-flex-wrap:wrap;\" ><div class=\"fusion-builder-row fusion-row fusion-flex-align-items-flex-start fusion-flex-justify-content-center fusion-flex-content-wrap\" style=\"max-width:95.68%;margin-left: calc(-4% \/ 2 );margin-right: calc(-4% \/ 2 );\"><div class=\"fusion-layout-column fusion_builder_column fusion-builder-column-0 fusion_builder_column_1_6 1_6 fusion-flex-column\" style=\"--awb-bg-size:cover;--awb-width-large:16.666666666667%;--awb-margin-top-large:0px;--awb-spacing-right-large:11.52%;--awb-margin-bottom-large:20px;--awb-spacing-left-large:11.52%;--awb-width-medium:100%;--awb-order-medium:0;--awb-spacing-right-medium:1.92%;--awb-spacing-left-medium:1.92%;--awb-width-small:100%;--awb-order-small:0;--awb-spacing-right-small:1.92%;--awb-spacing-left-small:1.92%;\"><div class=\"fusion-column-wrapper fusion-column-has-shadow fusion-flex-justify-content-flex-start fusion-content-layout-column\"><\/div><\/div><div class=\"fusion-layout-column fusion_builder_column fusion-builder-column-1 fusion_builder_column_2_3 2_3 fusion-flex-column fusion-animated\" style=\"--awb-padding-right:0%;--awb-padding-left:0%;--awb-bg-size:cover;--awb-width-large:66.666666666667%;--awb-margin-top-large:0px;--awb-spacing-right-large:0%;--awb-margin-bottom-large:3%;--awb-spacing-left-large:0%;--awb-width-medium:100%;--awb-order-medium:0;--awb-spacing-right-medium:1.92%;--awb-spacing-left-medium:1.92%;--awb-width-small:100%;--awb-order-small:0;--awb-spacing-right-small:1.92%;--awb-spacing-left-small:1.92%;\" data-animationType=\"fadeIn\" data-animationDuration=\"1.0\" data-animationOffset=\"top-into-view\"><div class=\"fusion-column-wrapper fusion-column-has-shadow fusion-flex-justify-content-flex-start fusion-content-layout-column\"><div class=\"fusion-text fusion-text-1 fusion-animated\" style=\"--awb-content-alignment:center;--awb-font-size:var(--awb-typography2-font-size);--awb-text-color:var(--awb-color8);\" data-animationType=\"fadeInLeft\" data-animationDuration=\"0.3\" data-animationOffset=\"top-into-view\"><p><span style=\"font-weight: 400;\"><strong>De senaste \u00e5ren har jag jobbat fokuserat mot att skapa f\u00f6ruts\u00e4ttningar f\u00f6r leveranser i olika former. <\/strong><\/span><span style=\"font-weight: 400;\">Fr\u00e4mst inom mjukvaruutveckling. Bakom mig<\/span><span style=\"font-weight: 400;\">\u00a0har jag en resa av att agera katalysator och st\u00f6ttepelare i olika former f\u00f6r bolag, ledningsgrupper och enskilda team. <\/span><\/p>\n<p><span style=\"font-weight: 400;\">Hur ser ert behov ut idag?<\/span><\/p>\n<\/div><div class=\"fusion-separator fusion-no-large-visibility fusion-full-width-sep\" style=\"align-self: center;margin-left: auto;margin-right: auto;margin-bottom:3%;width:100%;\"><\/div><\/div><\/div><div class=\"fusion-layout-column fusion_builder_column fusion-builder-column-2 fusion_builder_column_1_6 1_6 fusion-flex-column\" style=\"--awb-bg-size:cover;--awb-width-large:16.666666666667%;--awb-margin-top-large:0px;--awb-spacing-right-large:11.52%;--awb-margin-bottom-large:20px;--awb-spacing-left-large:0%;--awb-width-medium:100%;--awb-order-medium:0;--awb-spacing-right-medium:1.92%;--awb-spacing-left-medium:1.92%;--awb-width-small:100%;--awb-order-small:0;--awb-spacing-right-small:1.92%;--awb-spacing-left-small:1.92%;\"><div class=\"fusion-column-wrapper fusion-column-has-shadow fusion-flex-justify-content-flex-start fusion-content-layout-column\"><\/div><\/div><\/div><\/div><div class=\"fusion-fullwidth fullwidth-box fusion-builder-row-2 fusion-flex-container nonhundred-percent-fullwidth non-hundred-percent-height-scrolling\" style=\"--awb-border-sizes-top:0px;--awb-border-sizes-bottom:0px;--awb-border-sizes-left:0px;--awb-border-sizes-right:0px;--awb-border-radius-top-left:0px;--awb-border-radius-top-right:0px;--awb-border-radius-bottom-right:0px;--awb-border-radius-bottom-left:0px;--awb-padding-right:12%;--awb-padding-left:12%;--awb-flex-wrap:wrap;\" ><div class=\"fusion-builder-row fusion-row fusion-flex-align-items-flex-start fusion-flex-content-wrap\" style=\"max-width:95.68%;margin-left: calc(-4% \/ 2 );margin-right: calc(-4% \/ 2 );\"><div class=\"fusion-layout-column fusion_builder_column fusion-builder-column-3 fusion_builder_column_1_1 1_1 fusion-flex-column fusion-animated\" style=\"--awb-bg-size:cover;--awb-width-large:100%;--awb-margin-top-large:0px;--awb-spacing-right-large:1.92%;--awb-margin-bottom-large:20px;--awb-spacing-left-large:1.92%;--awb-width-medium:100%;--awb-spacing-right-medium:1.92%;--awb-spacing-left-medium:1.92%;--awb-width-small:100%;--awb-spacing-right-small:1.92%;--awb-spacing-left-small:1.92%;\" data-animationType=\"fadeIn\" data-animationDuration=\"1.0\" data-animationOffset=\"top-into-view\"><div class=\"fusion-column-wrapper fusion-column-has-shadow fusion-flex-justify-content-flex-start fusion-content-layout-column\"><style type=\"text\/css\">.fusion-portfolio-wrapper#fusion-portfolio-1 .fusion-portfolio-content{ padding: 40px 25px 25px 25px; text-align: center; }<\/style><div class=\"fusion-recent-works fusion-portfolio-element fusion-portfolio fusion-portfolio-1 fusion-portfolio-grid fusion-portfolio-paging-pagination fusion-portfolio-two fusion-portfolio-boxed fusion-portfolio-text fusion-portfolio-equal-heights fusion-portfolio-rollover\" data-id=\"-rw-1\" data-columns=\"two\"><style type=\"text\/css\">.fusion-portfolio-1 .fusion-portfolio-wrapper .fusion-col-spacing{padding:25px;}<\/style><div class=\"fusion-portfolio-wrapper\" id=\"fusion-portfolio-1\" data-picturesize=\"auto\" data-pages=\"1\" style=\"margin:-25px;\"><article id=\"portfolio-1-post-1081\" class=\"fusion-portfolio-post fusion-col-spacing post-1081\"><div class=\"fusion-portfolio-content-wrapper\" style=\"border:1px solid var(--awb-color1);border-bottom-width:3px;background-color:var(--awb-color1);\"><span class=\"vcard rich-snippet-hidden\"><span class=\"fn\"><a href=\"https:\/\/amplifygrowth.se\/sunshine\/author\/amp-admin\/\" title=\"Inl\u00e4gg av amp-admin\" rel=\"author\">amp-admin<\/a><\/span><\/span><span class=\"updated rich-snippet-hidden\">2022-08-21T14:46:53+00:00<\/span><div  class=\"fusion-image-wrapper\" aria-haspopup=\"true\">\n\t\t\t\t<img decoding=\"async\" width=\"1800\" height=\"1080\" src=\"https:\/\/amplifygrowth.se\/sunshine\/wp-content\/uploads\/2022\/08\/port-1.png\" class=\"attachment-full size-full lazyload wp-post-image\" alt=\"\" srcset=\"data:image\/svg+xml,%3Csvg%20xmlns%3D%27http%3A%2F%2Fwww.w3.org%2F2000%2Fsvg%27%20width%3D%271800%27%20height%3D%271080%27%20viewBox%3D%270%200%201800%201080%27%3E%3Crect%20width%3D%271800%27%20height%3D%271080%27%20fill-opacity%3D%220%22%2F%3E%3C%2Fsvg%3E\" data-orig-src=\"https:\/\/amplifygrowth.se\/sunshine\/wp-content\/uploads\/2022\/08\/port-1.png\" data-srcset=\"https:\/\/amplifygrowth.se\/sunshine\/wp-content\/uploads\/2022\/08\/port-1-200x120.png 200w, https:\/\/amplifygrowth.se\/sunshine\/wp-content\/uploads\/2022\/08\/port-1-400x240.png 400w, https:\/\/amplifygrowth.se\/sunshine\/wp-content\/uploads\/2022\/08\/port-1-600x360.png 600w, https:\/\/amplifygrowth.se\/sunshine\/wp-content\/uploads\/2022\/08\/port-1-800x480.png 800w, https:\/\/amplifygrowth.se\/sunshine\/wp-content\/uploads\/2022\/08\/port-1-1200x720.png 1200w, https:\/\/amplifygrowth.se\/sunshine\/wp-content\/uploads\/2022\/08\/port-1.png 1800w\" data-sizes=\"auto\" \/><div class=\"fusion-rollover\">\n\t<div class=\"fusion-rollover-content\">\n\n\t\t\t\t\t\t\t\t\t\t\t\t\t\t<a class=\"fusion-rollover-link\" href=\"https:\/\/amplifygrowth.se\/sunshine\/meetup\/agil-coach\/\">Agil coach<\/a>\n\t\t\t\n\t\t\t\t\t\t\t\t\n\t\t\n\t\t\t\t\t\t\t\t\n\t\t\t\t\t\t\t\t\n\t\t\n\t\t\t\t\t\t<a class=\"fusion-link-wrapper\" href=\"https:\/\/amplifygrowth.se\/sunshine\/meetup\/agil-coach\/\" aria-label=\"Agil coach\"><\/a>\n\t<\/div>\n<\/div>\n<\/div>\n<div class=\"fusion-portfolio-content\" style=\"background-color:var(--awb-color1);\"><h2 class=\"entry-title fusion-post-title\"><a href=\"https:\/\/amplifygrowth.se\/sunshine\/meetup\/agil-coach\/\">Agil coach<\/a><\/h2><div class=\"fusion-content-sep sep-single sep-solid\" style=\"border-color:hsla(var(--awb-color8-h),var(--awb-color8-s),calc( var(--awb-color8-l) + 91% ),var(--awb-color8-a));\"><\/div><div class=\"fusion-post-content\"><p>S\u00f6ker du en agil coach som bryr sig om ditt team, din organisation och vad ni ska \u00e5stadkomma? Som agil coach har jag f\u00f6rm\u00e5gan att ta hand om ditt team, din organisation och s\u00e4kerst\u00e4lla att vi skapar v\u00e4rde.<\/p><\/div><\/div><\/div><\/article><article id=\"portfolio-1-post-1074\" class=\"fusion-portfolio-post fusion-col-spacing post-1074\"><div class=\"fusion-portfolio-content-wrapper\" style=\"border:1px solid var(--awb-color1);border-bottom-width:3px;background-color:var(--awb-color1);\"><span class=\"vcard rich-snippet-hidden\"><span class=\"fn\"><a href=\"https:\/\/amplifygrowth.se\/sunshine\/author\/amp-admin\/\" title=\"Inl\u00e4gg av amp-admin\" rel=\"author\">amp-admin<\/a><\/span><\/span><span class=\"updated rich-snippet-hidden\">2022-08-21T14:55:30+00:00<\/span><div  class=\"fusion-image-wrapper\" aria-haspopup=\"true\">\n\t\t\t\t<img decoding=\"async\" width=\"1800\" height=\"1080\" src=\"https:\/\/amplifygrowth.se\/sunshine\/wp-content\/uploads\/2022\/08\/port-2.png\" class=\"attachment-full size-full lazyload wp-post-image\" alt=\"\" srcset=\"data:image\/svg+xml,%3Csvg%20xmlns%3D%27http%3A%2F%2Fwww.w3.org%2F2000%2Fsvg%27%20width%3D%271800%27%20height%3D%271080%27%20viewBox%3D%270%200%201800%201080%27%3E%3Crect%20width%3D%271800%27%20height%3D%271080%27%20fill-opacity%3D%220%22%2F%3E%3C%2Fsvg%3E\" data-orig-src=\"https:\/\/amplifygrowth.se\/sunshine\/wp-content\/uploads\/2022\/08\/port-2.png\" data-srcset=\"https:\/\/amplifygrowth.se\/sunshine\/wp-content\/uploads\/2022\/08\/port-2-200x120.png 200w, https:\/\/amplifygrowth.se\/sunshine\/wp-content\/uploads\/2022\/08\/port-2-400x240.png 400w, https:\/\/amplifygrowth.se\/sunshine\/wp-content\/uploads\/2022\/08\/port-2-600x360.png 600w, https:\/\/amplifygrowth.se\/sunshine\/wp-content\/uploads\/2022\/08\/port-2-800x480.png 800w, https:\/\/amplifygrowth.se\/sunshine\/wp-content\/uploads\/2022\/08\/port-2-1200x720.png 1200w, https:\/\/amplifygrowth.se\/sunshine\/wp-content\/uploads\/2022\/08\/port-2.png 1800w\" data-sizes=\"auto\" \/><div class=\"fusion-rollover\">\n\t<div class=\"fusion-rollover-content\">\n\n\t\t\t\t\t\t\t\t\t\t\t\t\t\t<a class=\"fusion-rollover-link\" href=\"https:\/\/amplifygrowth.se\/sunshine\/meetup\/forandringsledare\/\">F\u00f6r\u00e4ndringsledare<\/a>\n\t\t\t\n\t\t\t\t\t\t\t\t\n\t\t\n\t\t\t\t\t\t\t\t\n\t\t\t\t\t\t\t\t\n\t\t\n\t\t\t\t\t\t<a class=\"fusion-link-wrapper\" href=\"https:\/\/amplifygrowth.se\/sunshine\/meetup\/forandringsledare\/\" aria-label=\"F\u00f6r\u00e4ndringsledare\"><\/a>\n\t<\/div>\n<\/div>\n<\/div>\n<div class=\"fusion-portfolio-content\" style=\"background-color:var(--awb-color1);\"><h2 class=\"entry-title fusion-post-title\"><a href=\"https:\/\/amplifygrowth.se\/sunshine\/meetup\/forandringsledare\/\">F\u00f6r\u00e4ndringsledare<\/a><\/h2><div class=\"fusion-content-sep sep-single sep-solid\" style=\"border-color:hsla(var(--awb-color8-h),var(--awb-color8-s),calc( var(--awb-color8-l) + 91% ),var(--awb-color8-a));\"><\/div><div class=\"fusion-post-content\"><p>Ska ni implementera ett nytt system eller \u00e4r det dags att se \u00f6ver verksamhetens utveckling? Som f\u00f6r\u00e4ndringsledare s\u00e4kerst\u00e4ller jag att vi r\u00f6r oss fram\u00e5t tillsammans.<\/p><\/div><\/div><\/div><\/article><article id=\"portfolio-1-post-1097\" class=\"fusion-portfolio-post fusion-col-spacing post-1097\"><div class=\"fusion-portfolio-content-wrapper\" style=\"border:1px solid var(--awb-color1);border-bottom-width:3px;background-color:var(--awb-color1);\"><span class=\"vcard rich-snippet-hidden\"><span class=\"fn\"><a href=\"https:\/\/amplifygrowth.se\/sunshine\/author\/amp-admin\/\" title=\"Inl\u00e4gg av amp-admin\" rel=\"author\">amp-admin<\/a><\/span><\/span><span class=\"updated rich-snippet-hidden\">2022-08-21T14:52:47+00:00<\/span><div  class=\"fusion-image-wrapper\" aria-haspopup=\"true\">\n\t\t\t\t<img decoding=\"async\" width=\"1800\" height=\"1080\" src=\"https:\/\/amplifygrowth.se\/sunshine\/wp-content\/uploads\/2022\/08\/port-4.png\" class=\"attachment-full size-full lazyload wp-post-image\" alt=\"\" srcset=\"data:image\/svg+xml,%3Csvg%20xmlns%3D%27http%3A%2F%2Fwww.w3.org%2F2000%2Fsvg%27%20width%3D%271800%27%20height%3D%271080%27%20viewBox%3D%270%200%201800%201080%27%3E%3Crect%20width%3D%271800%27%20height%3D%271080%27%20fill-opacity%3D%220%22%2F%3E%3C%2Fsvg%3E\" data-orig-src=\"https:\/\/amplifygrowth.se\/sunshine\/wp-content\/uploads\/2022\/08\/port-4.png\" data-srcset=\"https:\/\/amplifygrowth.se\/sunshine\/wp-content\/uploads\/2022\/08\/port-4-200x120.png 200w, https:\/\/amplifygrowth.se\/sunshine\/wp-content\/uploads\/2022\/08\/port-4-400x240.png 400w, https:\/\/amplifygrowth.se\/sunshine\/wp-content\/uploads\/2022\/08\/port-4-600x360.png 600w, https:\/\/amplifygrowth.se\/sunshine\/wp-content\/uploads\/2022\/08\/port-4-800x480.png 800w, https:\/\/amplifygrowth.se\/sunshine\/wp-content\/uploads\/2022\/08\/port-4-1200x720.png 1200w, https:\/\/amplifygrowth.se\/sunshine\/wp-content\/uploads\/2022\/08\/port-4.png 1800w\" data-sizes=\"auto\" \/><div class=\"fusion-rollover\">\n\t<div class=\"fusion-rollover-content\">\n\n\t\t\t\t\t\t\t\t\t\t\t\t\t\t<a class=\"fusion-rollover-link\" href=\"https:\/\/amplifygrowth.se\/sunshine\/meetup\/affarsutveckling\/\">Aff\u00e4rsutveckling<\/a>\n\t\t\t\n\t\t\t\t\t\t\t\t\n\t\t\n\t\t\t\t\t\t\t\t\n\t\t\t\t\t\t\t\t\n\t\t\n\t\t\t\t\t\t<a class=\"fusion-link-wrapper\" href=\"https:\/\/amplifygrowth.se\/sunshine\/meetup\/affarsutveckling\/\" aria-label=\"Aff\u00e4rsutveckling\"><\/a>\n\t<\/div>\n<\/div>\n<\/div>\n<div class=\"fusion-portfolio-content\" style=\"background-color:var(--awb-color1);\"><h2 class=\"entry-title fusion-post-title\"><a href=\"https:\/\/amplifygrowth.se\/sunshine\/meetup\/affarsutveckling\/\">Aff\u00e4rsutveckling<\/a><\/h2><div class=\"fusion-content-sep sep-single sep-solid\" style=\"border-color:hsla(var(--awb-color8-h),var(--awb-color8-s),calc( var(--awb-color8-l) + 91% ),var(--awb-color8-a));\"><\/div><div class=\"fusion-post-content\"><p>Funderar ni p\u00e5 en ny tj\u00e4nst eller produkt? Kanske beh\u00f6ver ni f\u00f6r\u00e4ndra n\u00e5got i nuvarande verksamhet? Jag kan hj\u00e4lpa er att ta reda p\u00e5 vad och hur.<\/p><\/div><\/div><\/div><\/article><article id=\"portfolio-1-post-1085\" class=\"fusion-portfolio-post fusion-col-spacing post-1085\"><div class=\"fusion-portfolio-content-wrapper\" style=\"border:1px solid var(--awb-color1);border-bottom-width:3px;background-color:var(--awb-color1);\"><span class=\"vcard rich-snippet-hidden\"><span class=\"fn\"><a href=\"https:\/\/amplifygrowth.se\/sunshine\/author\/amp-admin\/\" title=\"Inl\u00e4gg av amp-admin\" rel=\"author\">amp-admin<\/a><\/span><\/span><span class=\"updated rich-snippet-hidden\">2022-08-21T14:51:58+00:00<\/span><div  class=\"fusion-image-wrapper\" aria-haspopup=\"true\">\n\t\t\t\t<img decoding=\"async\" width=\"1800\" height=\"1080\" src=\"https:\/\/amplifygrowth.se\/sunshine\/wp-content\/uploads\/2022\/08\/port-3.png\" class=\"attachment-full size-full lazyload wp-post-image\" alt=\"\" srcset=\"data:image\/svg+xml,%3Csvg%20xmlns%3D%27http%3A%2F%2Fwww.w3.org%2F2000%2Fsvg%27%20width%3D%271800%27%20height%3D%271080%27%20viewBox%3D%270%200%201800%201080%27%3E%3Crect%20width%3D%271800%27%20height%3D%271080%27%20fill-opacity%3D%220%22%2F%3E%3C%2Fsvg%3E\" data-orig-src=\"https:\/\/amplifygrowth.se\/sunshine\/wp-content\/uploads\/2022\/08\/port-3.png\" data-srcset=\"https:\/\/amplifygrowth.se\/sunshine\/wp-content\/uploads\/2022\/08\/port-3-200x120.png 200w, https:\/\/amplifygrowth.se\/sunshine\/wp-content\/uploads\/2022\/08\/port-3-400x240.png 400w, https:\/\/amplifygrowth.se\/sunshine\/wp-content\/uploads\/2022\/08\/port-3-600x360.png 600w, https:\/\/amplifygrowth.se\/sunshine\/wp-content\/uploads\/2022\/08\/port-3-800x480.png 800w, https:\/\/amplifygrowth.se\/sunshine\/wp-content\/uploads\/2022\/08\/port-3-1200x720.png 1200w, https:\/\/amplifygrowth.se\/sunshine\/wp-content\/uploads\/2022\/08\/port-3.png 1800w\" data-sizes=\"auto\" \/><div class=\"fusion-rollover\">\n\t<div class=\"fusion-rollover-content\">\n\n\t\t\t\t\t\t\t\t\t\t\t\t\t\t<a class=\"fusion-rollover-link\" href=\"https:\/\/amplifygrowth.se\/sunshine\/meetup\/team-building\/\">Team Building<\/a>\n\t\t\t\n\t\t\t\t\t\t\t\t\n\t\t\n\t\t\t\t\t\t\t\t\n\t\t\t\t\t\t\t\t\n\t\t\n\t\t\t\t\t\t<a class=\"fusion-link-wrapper\" href=\"https:\/\/amplifygrowth.se\/sunshine\/meetup\/team-building\/\" aria-label=\"Team Building\"><\/a>\n\t<\/div>\n<\/div>\n<\/div>\n<div class=\"fusion-portfolio-content\" style=\"background-color:var(--awb-color1);\"><h2 class=\"entry-title fusion-post-title\"><a href=\"https:\/\/amplifygrowth.se\/sunshine\/meetup\/team-building\/\">Team Building<\/a><\/h2><div class=\"fusion-content-sep sep-single sep-solid\" style=\"border-color:hsla(var(--awb-color8-h),var(--awb-color8-s),calc( var(--awb-color8-l) + 91% ),var(--awb-color8-a));\"><\/div><div class=\"fusion-post-content\"><p>Att investera i sitt team \u00e4r att investera i sitt slutm\u00e5l och ibland beh\u00f6vs en extra trygghetsbas eller energiinjektion. Oavsett om det handlar om kontinuerliga eller enstaka insatser s\u00e5 kan jag bidra till ditt teams sociala basplattform.<\/p><\/div><\/div><\/div><\/article><\/div><\/div><\/div><\/div><\/div><\/div><\/p>\n","protected":false},"excerpt":{"rendered":"","protected":false},"author":1,"featured_media":2812,"parent":0,"menu_order":0,"comment_status":"closed","ping_status":"closed","template":"100-width.php","meta":{"footnotes":""},"class_list":["post-1020","page","type-page","status-publish","has-post-thumbnail","hentry"],"_links":{"self":[{"href":"https:\/\/amplifygrowth.se\/sunshine\/wp-json\/wp\/v2\/pages\/1020","targetHints":{"allow":["GET"]}}],"collection":[{"href":"https:\/\/amplifygrowth.se\/sunshine\/wp-json\/wp\/v2\/pages"}],"about":[{"href":"https:\/\/amplifygrowth.se\/sunshine\/wp-json\/wp\/v2\/types\/page"}],"author":[{"embeddable":true,"href":"https:\/\/amplifygrowth.se\/sunshine\/wp-json\/wp\/v2\/users\/1"}],"replies":[{"embeddable":true,"href":"https:\/\/amplifygrowth.se\/sunshine\/wp-json\/wp\/v2\/comments?post=1020"}],"version-history":[{"count":13,"href":"https:\/\/amplifygrowth.se\/sunshine\/wp-json\/wp\/v2\/pages\/1020\/revisions"}],"predecessor-version":[{"id":3017,"href":"https:\/\/amplifygrowth.se\/sunshine\/wp-json\/wp\/v2\/pages\/1020\/revisions\/3017"}],"wp:featuredmedia":[{"embeddable":true,"href":"https:\/\/amplifygrowth.se\/sunshine\/wp-json\/wp\/v2\/media\/2812"}],"wp:attachment":[{"href":"https:\/\/amplifygrowth.se\/sunshine\/wp-json\/wp\/v2\/media?parent=1020"}],"curies":[{"name":"wp","href":"https:\/\/api.w.org\/{rel}","templated":true}]}}